21012001012001 + 2200?
-121012001002101
In base 13, what is 338c684 + -5?
338c67c
In base 4, what is 1010220023313 + -1?
1010220023312
In base 6, what is 42531000 + -3?
42530553
In base 9, what is 708 - 57385?
-56576
In base 2, what is 110101011 + -1101001011100110001001?
-1101001011011111011110
In base 15, what is -4c - 86b7?
-8714
In base 6, what is -1525532 - -21?
-1525511
In base 15, what is 5 + -381e442?
-381e43c
In base 3, what is -21 + 2022101200100?
2022101200002
In base 14, what is 5da924d2 + -3?
5da924cd
In base 2, what is -100000101011000110000010 - 1011?
-100000101011000110001101
In base 6, what is 13 + -2150202?
-2150145
In base 12, what is 524 + -103682?
-10315a
In base 7, what is -41 + -552443?
-552514
In base 2, what is -11101000101110011110001110 + 1?
-11101000101110011110001101
In base 3, what is 10201212011212211111 - 12?
10201212011212211022
In base 12, what is 127 + -30a39?
-30912
In base 11, what is 51 + 72375?
72416
In base 12, what is 1 + -16645190?
-1664518b
In base 8, what is -125705011 - -1?
-125705010
In base 3, what is 1 - -1021112000101122?
1021112000101200
In base 13, what is a13726 + 3?
a13729
In base 10, what is -104 + -18233?
-18337
In base 5, what is -4344124 - 133211?
-10032340
In base 13, what is -3812b - 542?
-38670
In base 14, what is 11 - 148da5?
-148d94
In base 14, what is -2 + -400503?
-400505
In base 2, what is 1010001001111 - -1000111001?
1011010001000
In base 10, what is -206 + -8006?
-8212
In base 14, what is -12849 - -2a?
-1281d
In base 16, what is -e + -865e58?
-865e66
In base 6, what is -5 + -121522535?
-121522544
In base 8, what is -1353503007 + 1?
-1353503006
In base 10, what is -14027 + 45818?
31791
In base 15, what is -10a23d51 - 1?
-10a23d52
In base 2, what is -110111001111111011100110 - 10?
-110111001111111011101000
In base 8, what is 261 - 6471757?
-6471476
In base 12, what is 1b + -36809b?
-368080
In base 12, what is b615bb4 + 1?
b615bb5
In base 8, what is 71355 + -1173?
70162
In base 2, what is 101110100001001001011000 - -101?
101110100001001001011101
In base 8, what is -6203627 + 10?
-6203617
In base 10, what is -240858 - -107?
-240751
In base 7, what is 0 - 12063523?
-12063523
In base 5, what is 134222311113 + -2?
134222311111
In base 9, what is 11 + -251321185?
-251321174
In base 3, what is -121 + 21121211022001?
21121211021110
In base 12, what is -1 + 31a63140?
31a6313b
In base 2, what is -10101101111111001 - 11111001101?
-10110001111000110
In base 11, what is -243 + 112a53?
112810
In base 5, what is -2 + -2313042431?
-2313042433
In base 5, what is -1120104031032 + 0?
-1120104031032
In base 2, what is 1000101111100000010111111 - 101010?
1000101111100000010010101
In base 16, what is 2 + d08a2b?
d08a2d
In base 6, what is 2 + -1020504144?
-1020504142
In base 4, what is 302130201 + 101103?
302231310
In base 4, what is -2211121320 - 331?
-2211122311
In base 12, what is 345671 - -12?
345683
In base 9, what is 437652121 + 0?
437652121
In base 14, what is 13 - -43cc86?
43cc99
In base 9, what is 52 - 675805?
-675743
In base 16, what is -2c936 - 1a5?
-2cadb
In base 9, what is 131634 - 1321?
130313
In base 7, what is -3 - 2225524164?
-2225524200
In base 9, what is -52825 + 87?
-52727
In base 13, what is ab1 - 40a0?
-32bc
In base 7, what is -232 - 110541?
-111103
In base 15, what is 3 - -1451b88e?
1451b892
In base 4, what is 1201 + -3310311?
-3303110
In base 13, what is -c0 + -2c44a?
-2c53a
In base 12, what is 1b66992 + 2?
1b66994
In base 11, what is -71378 - 22?
-7139a
In base 7, what is -215465 - 52?
-215550
In base 15, what is -1 + 9bda862?
9bda861
In base 15, what is -11e79 + -43?
-11ebc
In base 5, what is 321 + 10020404?
10021230
In base 12, what is -3 - -265303?
265300
In base 14, what is 4396b32 - 4?
4396b2c
In base 10, what is 3834 - 68811?
-64977
In base 9, what is 178838 - -18?
178857
In base 10, what is -54973 - -467?
-54506
In base 9, what is 5230 + -6182?
-852
In base 14, what is -b1 - 80da?
-81ab
In base 13, what is -586 - 104?
-68a
In base 8, what is -12472543 + 23?
-12472520
In base 16, what is -c6 + eb7dd?
eb717
In base 14, what is 78805 + -1b07?
76adc
In base 12, what is 308a1 - -6?
308a7
In base 5, what is -1042 + 231134?
230042
In base 15, what is 1e3 + -2ae4?
-2901
In base 7, what is -251211350 + 0?
-251211350
In base 5, what is 2243044020 - 414?
2243043101
In base 13, what is -93 + -6b38?
-6bcb
In base 10, what is -55697484 - 4?
-55697488
In base 13, what is c88b35 + -2?
c88b33
In base 12, what is 19a533 - 300?
19a233
In base 5, what is 10 + 101424240414?
101424240424
In base 12, what is -3 - 76b490a?
-76b4911
In base 3, what is 10211101022221111 - -201?
10211101022222012
In base 7, what is -51560201 + 44?
-51560124
In base 16, what is -184cd - -3d5?
-180f8
In base 9, what is -4663 - -106201?
101427
In base 6, what is -1040 - -434215?
433135
In base 11, what is 38a7 + -2333?
1574
In base 6, what is 135350122 + 42?
135350204
In base 8, what is -1253 + 11313?
10040
In base 5, what is -1033041 - -220112?
-312424
In base 12, what is -1319 + -420?
-1739
In base 15, what is -2 + 6a2312?
6a2310
In base 11, what is 3 - -45539001?
45539004
In base 8, what is 23650043 - 43?
23650000
In base 11, what is -4 + -1326a567?
-1326a570
In base 6, what is -1 - 31144300503?
-31144300504
In base 2, what is -101010011111100000110100 + 1?
-101010011111100000110011
In base 2, what is 111010010000110011110 - -10110?
111010010000110110100
In base 4, what is 23332111 - 22322?
23303123
In base 15, what is -425ea - 175?
-42770
In base 9, what is -2 - 321740?
-321742
In base 3, what is -111020012102211211 + 2?
-111020012102211202
In base 12, what is 116469 - 846?
115823
In base 3, what is 120122222 + 102011?
121002010
In base 8, what is -34753546 + 5?
-34753541
In base 12, what is 10 + -100384?
-100374
In base 7, what is 32303666 + 3?
32304002
In base 15, what is -4eedebd - 2?
-4eedec0
In base 10, what is 43803907 - -6?
43803913
In base 8, what is 34444 - -16544?
53210
In base 8, what is 71 + 114773314?
114773405
In base 15, what is 5d0e957 - -4?
5d0e95b
In base 3, what is 20 + 10011122220202?
10011122220222
In base 6, what is 11430 + -5543?
1443
In base 9, what is 146 - -1054116?
1054263
In base 11, what is 603 - 12788?
-12185
In base 16, what is 50ce9 - 5?
50ce4
In base 15, what is 1035da8 - -5?
1035dad
In base 9, what is -1711 - 8844?
-11655
In base 12, what is -36884 + 724?
-36160
In base 16, what is 11 - 14aec3?
-14aeb2
In base 11, what is -10 + 278a77?
278a67
In base 6, what is 1 + 11520320233?
11520320234
In base 10, what is 6 + -579886?
-579880
In base 11, what is 334a48 - -19?
334a66
In base 16, what is -4 + -14e5e20?
-14e5e24
In base 5, what is -22233 + 31241?
4003
In base 8, what is 1732 + -22475?
-20543
In base 5, what is -20232 - 4211124?
-4231411
In base 6, what is -20121354015 - -1?
-20121354014
In base 15, what is 7 - -1934a0?
1934a7
In base 5, what is 344 - 242130?
-241231
In base 6, what is -10143320 + 10?
-10143310
In base 6, what is -15 - 20455052?
-20455111
In base 4, what is -103220000 + 1212?
-103212122
In base 14, what is -101d8d2 - 4?
-101d8d6
In base 12, what is -1271 + -33931?
-34ba2
In base 16, what is 4b + -2aafd1?
-2aaf86
In base 7, what is -2 + -4366510425?
-4366510430
In base 7, what is 145063206 + -5?
145063201
In base 5, what is 3 + -2410140331?
-2410140323
In base 3, what is -12 + 200020112212?
200020112200
In base 5, what is -10434224 - 140?
-10434414
In base 15, what is 2c94e01 + 2?
2c94e03
In base 4, what is 12022110 - 221130?
11200320
In base 2, what is -100 + -100010000011000111010?
-100010000011000111110
In base 8, what is 2201 - 110465?
-106264
In base 12, what is -4 + -193434?
-193438
In base 8, what is 5 + 37376576?
37376603
In base 13, what is -119 - -603385?
603269
In base 2, what is 1111 + 11001000100111010?
11001000101001001
In base 14, what is 1 + -1a3874?
-1a3873
In base 16, what is -1a31 - -21f?
-1812
In base 15, what is 48a0a49 + 1?
48a0a4a
In base 8, what is 302631 + -1643?
300766
In base 2, what is 110001110110100 + -101011100?
110001001011000
In base 5, what is -1312 - -433204?
431342
In base 5, what is -12243223223 + -1?
-12243223224
In base 10, what is 484150 + 7?
484157
In base 12, what is 14820b28 - -4?
14820b30
In base 8, what is -373 - 2